, 2*r - 10 = 5*f. Calculate the remainder when 18 is divided by r.
8
Let x = 4 + 11. Let d = 3955 - 3906. What is the remainder when d is divided by x?
4
Suppose o + p = -2*o - 508, 5*p = -3*o - 500. Let x = -89 - o. What is the remainder when x is divided by 28?
25
Suppose -85*m + 5374 = 529. Calculate the remainder when 66 is divided by m.
9
Let y(l) = l**2 + 4*l + 0 + 5 + 4 - 2. Let z = 5 + -11. What is the remainder when y(z) is divided by 7?
5
Let o = -43 + 26. What is the remainder when 10 is divided by (-6)/15 + o/(-5)?
1
Let j = -160 + 439. Calculate the remainder when j is divided by 26.
19
Let g(i) = 2*i**3 + 60*i**2 + 56*i - 13. What is the remainder when g(-29) is divided by 28?
17
Suppose 2*v - 10 = 4*v. Let z be 6*(v/3 + 2). Suppose 2*b + 1 = -2*d + 11, -4*b = z*d - 14. What is the remainder when d is divided by 2?
1
Let q = -14 + 17. Suppose 3*o - 4*b - 12 = 0, 3*b - 3 = -q*o - 12. Suppose o = -0*x + x - 9. Calculate the remainder when 26 is divided by x.
8
Let z(r) be the third derivative of -r**4/12 + 19*r**3/6 - 7*r**2. Calculate the remainder when 36 is divided by z(0).
17
Calculate the remainder when 92 is divided by 145/5*2/(-2 - -4).
5
Suppose 5*r - 53 = -13. Let b(a) = 8*a - 2. Suppose 2*u + 34 = 4*o, -5*o - 3*u + 5*u = -41. What is the remainder when b(o) is divided by r?
6
Suppose c - 2*z + 91 = 4*c, c - 33 = -2*z. Calculate the remainder when 56 is divided by c.
27
Suppose -36*t + 199 = -233. Calculate the remainder when 343 is divided by t.
7
Let r(m) = 19*m**2 - 10*m - 36. Calculate the remainder when r(-5) is divided by 49.
48
Let n(l) = -2*l - 10. Let g be n(-20). Let a = 77 - g. What is the remainder when a is divided by 16?
15
Suppose -2*m = 5*p - 79, 5*p = m - 8 - 24. What is the remainder when 701 is divided by m?
35
Let k(v) be the first derivative of v**2/2 + 4*v + 6. Calculate the remainder when 53 is divided by k(14).
17
What is the remainder when (-54630)/50*(-35)/21 is divided by 48?
45
Suppose 0 = 2*m + 3*y - 499, y = m + 2*y - 252. Calculate the remainder when m is divided by 22.
15
Suppose -326*j + 321*j = -10. Let o = 2 - -1. What is the remainder when o is divided by j?
1
Suppose 230*g - 190*g - 3040 = 0. Calculate the remainder when 301 is divided by g.
73
Suppose -2*f + 92 = 2*f. Suppose -2*w + 63 + f = 0. What is the remainder when w is divided by ((-1)/(-2))/(1/22)?
10
Let f(v) be the second derivative of -3*v + 0 + 0*v**3 - 1/12*v**4 - 1/20*v**5 + 9/2*v**2. What is the remainder when 17 is divided by f(0)?
8
Calculate the remainder when 371 is divided by 2/(-8) - 69/(-4).
14
Suppose 5*a - 12*a - 49 = 0. Let r(n) = -n**2 - 11*n - 17. What is the remainder when 20 is divided by r(a)?
9
Let d(w) = w**2 + w + 5. Suppose -4*i - 5 = -17. Suppose -i*k + 3 = -4*k. What is the remainder when 31 is divided by d(k)?
9
Suppose 4*s - 6 = s - 5*p, s + 2*p = 1. Let r(l) = l**2 - 4*l - 6. Suppose -4*h + 6*h - 16 = 0. Calculate the remainder when r(s) is divided by h.
7
Suppose n = 3*n + 4, -n + 18 = 5*c. Calculate the remainder when (-2)/(-4) + 2*76/16 is divided by c.
2
Suppose -y + 2*y = 14. Let w = y + -13. What is the remainder when 23 is divided by -1 - (8 + w)/(-1)?
7
Let v = -6 + 37. What is the remainder when v is divided by 12?
7
Let f(c) = -66*c + 17. Suppose 0 = 2*o + 2*o - 88. Calculate the remainder when f(-1) is divided by o.
17
Let g(l) = -l**3 - 37*l**2 - 105*l - 22. What is the remainder when g(-34) is divided by 22?
14
Let i = -113 - -229. Suppose -15*l = -11*l - i. What is the remainder when 85 is divided by l?
27
Let p(y) = -y**3 + 9*y**2 + 14*y + 17. Let i be p(11). Let z = i + 92. Calculate the remainder when 104 is divided by z.
20
Suppose 5*q + 0 - 40 = 0. Let p = 9 - 25. Let r(n) = -n**2 - 17*n - 13. What is the remainder when q is divided by r(p)?
2
Suppose 5*c - 8 = 5*q + 7, 3*q + 8 = 2*c. Let p(g) = 4*g - 2*g - 6 + g**2 + c + 0*g**2. Calculate the remainder when 35 is divided by p(4).
16
Calculate the remainder when 2430 is divided by (-3 - -18)/3 - 1 - -60.
62
Let i(x) = -7*x + 102. Calculate the remainder when i(9) is divided by 20.
19
Let j(o) = o**3 - 6*o**2 + 15*o - 9. Calculate the remainder when 357 is divided by j(5).
29
Let m(g) = 28*g**2 + 7. Let j(w) = w**2 - 2*w. Let z be j(3). Suppose 3*l = -a + 92, 28 = l - z*a + 4. Calculate the remainder when m(2) is divided by l.
29
Let h be (-3)/(72/26 - 3). Suppose -u + 58 + h = 0. What is the remainder when u is divided by 12?
11
Suppose 2*f - 213 = -5*x + 218, 2*f = -3*x + 257. What is the remainder when x is divided by 18?
15
Suppose 0 = -2*v - 4*l + 88, -v + 5*l - 8*l = -43. Calculate the remainder when v is divided by 18.
10
Let g(x) = x**2 + 8*x - 3. Calculate the remainder when g(-10) is divided by 6.
5
Let i(x) = -5*x + 39. Let c be i(-15). Let b = 162 - c. What is the remainder when b is divided by 18?
12
Let o be -4 + (4/2 - 42). Let y = -26 - o. What is the remainder when 34 is divided by y?
16
Suppose -6*a = -137 + 47. What is the remainder when 431 is divided by a?
11
What is the remainder when 34 is divided by (84/(-36))/((-1)/3)?
6
Let b be 2/(-11) + (-6134)/22. Let k = b + 181. Let g = -23 - k. What is the remainder when g is divided by 19?
18
Let m = -8 + 9. Let t = m + 7. What is the remainder when 30 is divided by t?
6
Let y = -43 - -105. Suppose -3*g = -4*u - 5*g + y, 0 = u - 2*g - 13. Let h = 328 + -324. Calculate the remainder when u is divided by h.
3
Let b be (0/5)/(-3) - 4. What is the remainder when 6/b*178/(-3) is divided by 15?
14
Let u(a) = -11*a + 5. Suppose 19 = 3*f + 46. What is the remainder when u(f) is divided by 27?
23
What is the remainder when (-3 - -2)*(-194 + 15) is divided by 30?
29
Let h be ((-8)/(-16))/(3/(-24)). Let d be (-5 + 3)/(h/(-2)). What is the remainder when 31 is divided by (-2 - -2)*d - -18?
13
Let l = -431 - -542. What is the remainder when l is divided by 30?
21
Let t = 4 + -6. What is the remainder when (6/18)/(t/(-138)) is divided by 13?
10
Suppose 29*v - 72 = 17*v. Calculate the remainder when 419 is divided by v.
5
Suppose -3*v - 108 + 123 = 0. Calculate the remainder when 62 is divided by v.
2
Let j(c) = 2*c**2 - 33*c + 22. Let m be j(16). What is the remainder when (-88)/(-16) + m/4 is divided by 6?
1
Let z(o) = 10*o + 6. Let y be z(-4). Let t = y + 69. Suppose 4*g + 3*q = 33, 4*q = -4*g + 16 + 12. Calculate the remainder when t is divided by g.
11
Calculate the remainder when (-3896)/(-26) + (3 - 222/78) is divided by 12.
6
Suppose 10 = -3*p - 50. Let z = -12 - p. Calculate the remainder when (-14364)/(-486) + 4/9 is divided by z.
6
Suppose -44*l + 352 = -704. Calculate the remainder when 40 is divided by l.
16
Let b(q) = -2*q**2 + 7*q + 7. Let p = -3 - -7. Suppose 0 = -f + 1, -5*w - 1 = 2*f - 18. What is the remainder when w is divided by b(p)?
0
Let q(b) = -b**2 - 17*b - 27. Let p be q(-14). Let d = 0 + p. Suppose 15 = 4*i - 101. What is the remainder when i is divided by d?
14
Let b be (-64 - -4)*12/5. What is the remainder when (-569)/(-9) - (-32)/b is divided by 33?
30
Suppose -74 = 2*z - 4*z. Let p = z + -24. Calculate the remainder when 24 is divided by p.
11
What is the remainder when (-16)/24*351/(-6) is divided by 15?
9
Suppose -4*o - 18 = -54. Let g = -3 - -13. Suppose -g = -5*n + 5*m, 2*n = 5*n + 4*m - 34. Calculate the remainder when o is divided by n.
3
Suppose 27*z - 350 = 13*z. What is the remainder when 38 is divided by z?
13
Suppose 47*o + 65 = 488. Suppose -h = -3*h + 102. Calculate the remainder when h is divided by o.
6
Let b(l) = -2*l**3 + 38*l**2 + 5*l - 34. What is the remainder when b(19) is divided by 0 + 0 + 21 + 0?
19
Let c(l) = 13*l**2 + 3 - 5 - 4*l**2 - 1. Let b(q) = 6*q**2 + 2*q - 2. What is the remainder when c(-2) is divided by b(-2)?
15
Suppose -2*v + 3*v - 237 = 0. Suppose -5*b + v - 82 = 0. Calculate the remainder when b is divided by 16.
15
Suppose 2*d = -5*i + 2*i + 807, 1323 = 5*i - 4*d. What is the remainder when i is divided by (90/40)/(5/120)?
51
Let y = 384 - 56. Suppose -9*n + 464 = -y. Calculate the remainder when n is divided by 31.
26
Let c = -15 - -15. Let k(h) = c*h + h + 2*h - 4*h + 2. What is the remainder when 9 is divided by k(-3)?
4
What is the remainder when ((-41)/3)/((-32)/(-96))*-2 is divided by 44?
38
Supp